hat is the remainder when 665 is divided by 163?
13
Calculate the remainder when 21598 is divided by 21494.
104
Calculate the remainder when 743436 is divided by 68.
60
What is the remainder when 13380 is divided by 55?
15
What is the remainder when 15294 is divided by 100?
94
What is the remainder when 513 is divided by 35?
23
Calculate the remainder when 352448 is divided by 48.
32
What is the remainder when 60998 is divided by 47?
39
Calculate the remainder when 5754 is divided by 642.
618
Calculate the remainder when 49139 is divided by 140.
139
Calculate the remainder when 44442 is divided by 48.
42
What is the remainder when 3856 is divided by 21?
13
What is the remainder when 549 is divided by 190?
169
What is the remainder when 23548 is divided by 23542?
6
What is the remainder when 5619 is divided by 17?
9
Calculate the remainder when 1141001 is divided by 18.
17
Calculate the remainder when 180349 is divided by 835.
824
Calculate the remainder when 17004 is divided by 1700.
4
What is the remainder when 15266 is divided by 1173?
17
Calculate the remainder when 38745 is divided by 135.
0
Calculate the remainder when 7708 is divided by 1925.
8
What is the remainder when 44403 is divided by 11097?
15
Calculate the remainder when 8780 is divided by 2107.
352
Calculate the remainder when 11938 is divided by 64.
34
What is the remainder when 47540 is divided by 194?
10
What is the remainder when 1211 is divided by 107?
34
Calculate the remainder when 18599 is divided by 50.
49
What is the remainder when 948452 is divided by 1193?
17
What is the remainder when 9231 is divided by 2635?
1326
What is the remainder when 15636 is divided by 46?
42
Calculate the remainder when 117833 is divided by 5604.
149
What is the remainder when 3993411 is divided by 20?
11
Calculate the remainder when 11766 is divided by 903.
27
Calculate the remainder when 11065 is divided by 50.
15
What is the remainder when 7730 is divided by 458?
402
Calculate the remainder when 67447 is divided by 38.
35
Calculate the remainder when 27465 is divided by 307.
142
Calculate the remainder when 2941 is divided by 240.
61
What is the remainder when 3688 is divided by 22?
14
Calculate the remainder when 2846 is divided by 283.
16
Calculate the remainder when 10276 is divided by 3424.
4
Calculate the remainder when 2286 is divided by 108.
18
Calculate the remainder when 51314 is divided by 395.
359
What is the remainder when 159969 is divided by 17773?
12
What is the remainder when 6838 is divided by 345?
283
Calculate the remainder when 5690 is divided by 516.
14
What is the remainder when 201976 is divided by 29?
20
What is the remainder when 352484 is divided by 259?
244
Calculate the remainder when 36912 is divided by 19.
14
What is the remainder when 2201 is divided by 844?
513
What is the remainder when 308364 is divided by 102787?
3
Calculate the remainder when 35906 is divided by 1901.
1688
What is the remainder when 25270 is divided by 25251?
19
What is the remainder when 197661 is divided by 2080?
61
Calculate the remainder when 19140 is divided by 147.
30
What is the remainder when 76367 is divided by 15?
2
Calculate the remainder when 2212 is divided by 251.
204
Calculate the remainder when 598 is divided by 145.
18
What is the remainder when 226625 is divided by 435?
425
Calculate the remainder when 7519 is divided by 2089.
1252
Calculate the remainder when 10086 is divided by 10077.
9
Calculate the remainder when 22294 is divided by 11122.
50
What is the remainder when 38465 is divided by 9610?
25
Calculate the remainder when 6493 is divided by 31.
14
Calculate the remainder when 43363 is divided by 438.
1
What is the remainder when 2948 is divided by 589?
3
What is the remainder when 2829 is divided by 130?
99
What is the remainder when 49475 is divided by 286?
283
What is the remainder when 232796 is divided by 32?
28
Calculate the remainder when 1996337 is divided by 10.
7
What is the remainder when 61787 is divided by 12?
11
What is the remainder when 85953 is divided by 78?
75
Calculate the remainder when 1868 is divided by 133.
6
What is the remainder when 159614 is divided by 116?
114
What is the remainder when 19021 is divided by 1349?
135
Calculate the remainder when 8808 is divided by 124.
4
What is the remainder when 15175 is divided by 83?
69
Calculate the remainder when 3602 is divided by 389.
101
Calculate the remainder when 18285 is divided by 156.
33
Calculate the remainder when 2324 is divided by 2.
0
Calculate the remainder when 1833 is divided by 450.
33
Calculate the remainder when 11393727 is divided by 27.
24
Calculate the remainder when 6533 is divided by 24.
5
Calculate the remainder when 51613 is divided by 6.
1
Calculate the remainder when 2400 is divided by 263.
33
Calculate the remainder when 124379 is divided by 23.
18
What is the remainder when 3662 is divided by 622?
552
What is the remainder when 223 is divided by 54?
7
Calculate the remainder when 826 is divided by 55.
1
Calculate the remainder when 10533 is divided by 88.
61
Calculate the remainder when 2172 is divided by 693.
93
What is the remainder when 7643 is divided by 3?
2
Calculate the remainder when 6545374 is divided by 573.
568
What is the remainder when 288539 is divided by 35?
34
Calculate the remainder when 483 is divided by 116.
19
What is the remainder when 18696 is divided by 5?
1
Calculate the remainder when 215482 is divided by 208.
202
Calculate the remainder when 123165 is divided by 41007.
144
Calculate the remainder when 1071 is divided by 16.
15
What is the remainder when 5698 is divided by 34?
20
What is the remainder when 881 is divided by 34?
31
What is the remainder when 41760 is divided by 197?
193
What is the remainder when 95502 is divided by 20?
2
What is the remainder when 266929 is divided by 223?
221
What is the remainder when 70589 is divided by 57?
23
What is the remainder when 2462469 is divided by 7995?
9
What is the remainder when 271403 is divided by 12336?
11
What is the remainder when 3709 is divided by 3702?
7
What is the remainder when 6496 is divided by 927?
7
Calculate the remainder when 39037 is divided by 4879.
5
Calculate the remainder when 2164 is divided by 246.
196
What is the remainder when 4643 is divided by 746?
167
Calculate the remainder when 4788 is divided by 434.
14
What is the remainder when 2922 is divided by 264?
18
What is the remainder when 51329 is divided by 41?
38
What is the remainder when 41137 is divided by 22?
19
What is the remainder when 29287 is divided by 36?
19
Calculate the remainder when 44211 is divided by 51.
45
Calculate the remainder when 152408 is divided by 3.
2
Calculate the remainder when 1211 is divided by 187.
89
Calculate the remainder when 3698 is divided by 113.
82
Calculate the remainder when 79269 is divided by 175.
169
Calculate the remainder when 7412 is divided by 573.
536
What is the remainder when 7512 is divided by 29?
1
Calculate the remainder when 154061 is divided by 77025.
11
Calculate the remainder when 12593 is divided by 332.
309
Calculate the remainder when 632 is divided by 62.
12
Calculate the remainder when 1223059 is divided by 417.
415
Calculate the remainder when 16561 is divided by 89.
7
Calculate the remainder when 9771 is divided by 9728.
43
What is the remainder when 2674 is divided by 112?
98
Calculate the remainder when 504 is divided by 39.
36
Calculate the remainder when 14861 is divided by 125.
111
Calculate the remainder when 14817750 is divided by 298.
296
Calculate the remainder when 21680 is divided by 189.
134
What is the remainder when 1417 is divided by 229?
43
Calculate the remainder when 65910 is divided by 40.
30
What is the remainder when 550 is divided by 139?
133
What is the remainder when 82039 is divided by 229?
57
What is the remainder when 20880 is divided by 60?
0
What is the remainder when 282083 is divided by 92?
11
What is the remainder when 21643 is divided by 832?
11
What is the remainder when 13746 is divided by 4574?
24
Calculate the remainder when 5843 is divided by 355.
163
What is the remainder when 262522 is divided by 87484?
70
What is the remainder when 20373 is divided by 888?
837
Calculate the remainder when 1915 is divid